 z - 11. Calculate the remainder when 35 is divided by x.
8
Let w(c) = -2*c**2 + 6*c - 2. Let l be w(5). What is the remainder when (-3)/15 - l/10 is divided by 1?
0
What is the remainder when 69 is divided by (-1 - -2)*-2 + 20?
15
Let p be (-2)/(6/(-3)) + 2. Let z = p + 12. What is the remainder when z is divided by 8?
7
Suppose -2*n = n - 159. Suppose 3*f = -f + 56. Suppose s + f = 2*s. What is the remainder when n is divided by s?
11
Let z(i) = -i**3 + 4*i**2 + 8*i - 7. What is the remainder when 47 is divided by z(5)?
7
What is the remainder when 114/18 - 1/3 is divided by 3?
0
Let x be ((-2)/3)/(2/(-6)). What is the remainder when 2/x + 0 + 1 is divided by (-2 - 4/(-3))*(-6)/4?
0
Suppose -4*d = j - 3*j + 62, -4*j + 4*d = -124. Calculate the remainder when 92 is divided by j.
30
Suppose -15 = -0*x + 5*x. Let y = 30 - 27. What is the remainder when y is divided by (-4)/6*(x + 0)?
1
What is the remainder when 85 is divided by 18 - (-4 + 2/(-2))?
16
Let z be 18/4*(-1 - -3). Let f be 0 + (-3)/(z/6). What is the remainder when 27 is divided by (28/(-2))/(f/2)?
13
Let h(c) = 35*c**2 - 2*c + 1. What is the remainder when h(1) is divided by 94/10 - (7 - 132/20)?
7
What is the remainder when (-3 - (-1 - 0)) + 34 is divided by 17?
15
Suppose 2*u - 72 = -3*z, 2*u = -3*z - z + 68. Let x = 75 - 60. What is the remainder when u is divided by x?
12
Let m(d) = -2*d - 11. Let p(a) = 3*a + 11. Let c(z) = -2*m(z) - 3*p(z). Calculate the remainder when c(-5) is divided by -3*2/(-6)*5.
4
What is the remainder when (-1485)/(-22) - 2/4 is divided by 17?
16
Calculate the remainder when 172/22 + (-2)/(-11) is divided by 5.
3
Suppose 0 = -g - 4, 68 = 5*y - g - g. What is the remainder when 23 is divided by y?
11
Let u = -23 + 40. Let m = u + -6. Calculate the remainder when 41 is divided by m.
8
Let u(w) = 9*w - 78. What is the remainder when u(12) is divided by 8?
6
Let g = -26 + 102. What is the remainder when g is divided by 10?
6
Let b(v) = -2*v**2 + v + 2 + 3*v**2 + 3*v. Suppose -4*t - 15 = -t. What is the remainder when 13 is divided by b(t)?
6
Suppose -5*f + 11 = -9. Let p = 7 - f. Suppose p*s - 4 = s. What is the remainder when 5 is divided by s?
1
Suppose -34 = -2*j - 2*j - 5*p, 2*p - 22 = -3*j. Let q = 5 - j. Calculate the remainder when 4 + -2 - 28/q is divided by 16.
14
Let n(p) = -p**2 + 10*p + 4. What is the remainder when 39 is divided by n(8)?
19
Suppose -5*y = -b + 14, b = -0*b - 2*y + 21. What is the remainder when 187 is divided by b?
16
Suppose -8 = -2*z - 2*z. Suppose 3*a + 2*a = -3*j + 7, -2*j + 8 = 0. Calculate the remainder when z is divided by a + 3/(3/2).
0
Let u(i) = i - 6 + 6. Let f be u(5). Suppose -t - t + 26 = -4*m, f*m + 1 = -t. What is the remainder when 26 is divided by t?
8
Suppose -7*x + 5*x + 6 = 0. Suppose k - 5*d - 64 = -x*k, -3*d - 64 = -4*k. What is the remainder when 61 is divided by k?
13
Let u(c) = c**2 - 8*c + 6. Let f be u(9). Suppose -v - f = -4*v. Calculate the remainder when 8 is divided by v.
3
Suppose -v - 3*v - 24 = 0. Let l = 9 + v. Calculate the remainder when 11 is divided by l.
2
Let j be (2/(-6))/(2/(-66)). Suppose l - j = -3. Suppose -w + o - 2 + 4 = 0, w + 4*o = 17. Calculate the remainder when l is divided by w.
3
Suppose d - 105 = -2*d. Suppose 5 - d = -3*z. What is the remainder when 4 is divided by ((-16)/20)/((-4)/z)?
0
Let m = 65 + -43. Calculate the remainder when m is divided by 6.
4
Let x be 4/6 + (-20)/3. Let q(p) = p + 12. Let t be q(0). Let a = x + t. What is the remainder when 17 is divided by a?
5
Let p(h) = h**2 + 3*h - 6. Let y = 4 - 2. Suppose -3*u - y = -4*u, -22 = -3*q - 5*u. Calculate the remainder when 43 is divided by p(q).
21
Let t = 75 - 38. Calculate the remainder when t is divided by (-3)/(-24)*-2*-76.
18
Let b(o) = o**3 + o**2. Let f be b(0). Suppose f = 6*k - k. Suppose -r = 4, -65 = -3*v - k*v - r. Calculate the remainder when v is divided by 12.
11
Suppose -3*g - 20 = -4*g. Suppose -5*b = -d + 43, -d + 299 = 4*d + 3*b. Calculate the remainder when d is divided by (3/1)/(3/g).
18
Let a = 9 - -7. Calculate the remainder when 30 is divided by a.
14
Suppose 0 = v + 2*s + 2, 0 = 4*v - 3*s - 25. Suppose -5 = b + v*b. Calculate the remainder when 1 + b + (-1 - -38) is divided by 13.
11
Let n be (0 - -5)*(-9)/(-5). Let r = -6 + n. Suppose 0 = r*b - 4*o - 152, -2*b + 103 = -5*o + 4*o. Calculate the remainder when b is divided by 18.
16
Suppose 1 + 1 = 2*c. Let v = 5 - c. Suppose 3*x - 19 + 1 = 0. What is the remainder when x is divided by v?
2
Let o = -3 - -16. Calculate the remainder when 50 is divided by o.
11
Let a(f) = f**2 - 26*f - 15. What is the remainder when 21 is divided by a(27)?
9
Let w = 7 + 19. Let u(r) = -11*r**2 + 4*r - 20. Let o(q) = 4*q**2 - q + 7. Let t(s) = 17*o(s) + 6*u(s). What is the remainder when w is divided by t(-5)?
12
Suppose 3*o - 20 = 13. Suppose 5*b - 2*r + 24 = 0, -b + 2*r = -3*r + 14. Let v(d) = d**3 + 5*d**2 - 2*d - 4. Calculate the remainder when v(b) is divided by o.
9
Calculate the remainder when 15 is divided by (1 + 28/(-21))/((-1)/9).
0
Calculate the remainder when 136 is divided by 2/(-4) - (182/(-4) - 1).
44
Calculate the remainder when 51 is divided by (1 + -2 + -2)*-6.
15
Suppose 2*l - 4*l - 4 = 0. Let h be (2 - -1)*(l + 3). Suppose h*a + 45 = 108. What is the remainder when a is divided by 11?
10
Suppose -5*p = 8 - 23. Calculate the remainder when p is divided by 2.
1
Let s(j) = -j**2 - j - 23. Let u(v) = -v**3 + v. Let w(q) = -s(q) - u(q). Calculate the remainder when w(0) is divided by 12.
11
Suppose -5*a + 9*a + 28 = 0. Let j = a - -9. Calculate the remainder when 5 is divided by j.
1
Suppose -2*s + 18 = 2. Let f = s + -2. Calculate the remainder when 22 is divided by f.
4
Let h(u) be the second derivative of -u**3/6 - 3*u**2/2 + 3*u. Calculate the remainder when 19 is divided by h(-8).
4
Let p(i) = i**3 + 4*i**2 + i + 9. Let f = -6 - -21. What is the remainder when f is divided by p(-4)?
0
Let t(w) = -8 - 2 + 2*w + 1. Suppose -x = 4*p - 2, 2*x - 26 = -3*x - 4*p. What is the remainder when t(10) is divided by x?
5
Suppose 2*v = -v + 12. Suppose 0 = -v*y + h + 68, -5 = -y - 5*h + 12. Calculate the remainder when 33 is divided by y.
16
Let n(j) be the second derivative of 2/3*j**3 + 0 + j - 3/2*j**2 + 7/12*j**4 + 1/20*j**5. Calculate the remainder when n(-4) is divided by 10.
9
Suppose 3*j = 0, 2*j - 18 = -3*w - 0*j. What is the remainder when 22 is divided by w?
4
Let s be 1/(-2) + (-27)/(-6). Suppose s*v - v + 63 = 0. Calculate the remainder when 12 is divided by 1/(0 - 3/v).
5
Let u be 3/((3/96)/1). Calculate the remainder when u/15 + 4/(-10) is divided by 1/((-10)/8)*-5.
2
Let n be (-6)/(-15) + 69/15. Suppose 114 = n*f + 29. What is the remainder when f is divided by 9?
8
Let g(a) = a**2 - 8. What is the remainder when 65 is divided by g(-5)?
14
Suppose 8*v - 304 - 784 = 0. Calculate the remainder when v is divided by 46.
44
Suppose -a - 45 = -6*a. Calculate the remainder when 33 is divided by a.
6
What is the remainder when ((-1091)/(-9) - 4) + (-2)/9 is divided by 30?
27
What is the remainder when (15/(-10))/((-3)/30) is divided by 6?
3
Suppose 0 = 5*r + 25, 2*r = 3*b + b + 6. Let z(n) = n**3 + 6*n**2 + 6*n + 3. Calculate the remainder when 19 is divided by z(b).
8
What is the remainder when 50 is divided by (3 + (-2)/2)*7?
8
Let o be ((-3)/(-3))/(1/(-3)). Let u(d) = d**2 - 3*d + 3. Let j be u(o). Suppose k - 70 + j = 0. What is the remainder when k is divided by 17?
15
Suppose 3*x + 6*w - 2*w + 7 = 0, 0 = 4*x + 3*w + 7. Calculate the remainder when x/(3/(-111)*1) is divided by 19.
18
Let x = -19 - -23. Calculate the remainder when 10 is divided by x.
2
Suppose 21 = -x + 66. Suppose -t - x = -6*t. Let w = 44 - 27. What is the remainder when w is divided by t?
8
Let c(a) = -a**2 + 23*a - 63. What is the remainder when c(19) is divided by 7?
6
Let j(a) = -3*a - 2. Suppose 73 = -3*z + 4*r, z - r + 6*r = 1. Let w = -9 - z. What is the remainder when j(-7) is divided by w?
9
Suppose -4*c = -c - 18. Calculate the remainder when 20 is divided by c.
2
Let i(k) = k**3 + 8*k**2 + k - 6. Let z(s) = s**2 + 25. Let j be z(0). Let o = j + -6. Calculate the remainder when i(-7) is divided by o.
17
Suppose -2*t + t + 2*g = 0, -4*t + 4*g + 20 = 0